15?
14
Calculate the remainder when 453 is divided by 8.
5
What is the remainder when 105 is divided by 54?
51
What is the remainder when 185 is divided by 21?
17
Calculate the remainder when 125 is divided by 16.
13
What is the remainder when 34752 is divided by 23?
22
What is the remainder when 1613 is divided by 95?
93
Calculate the remainder when 809 is divided by 28.
25
What is the remainder when 1327 is divided by 122?
107
Calculate the remainder when 828 is divided by 32.
28
Calculate the remainder when 551 is divided by 56.
47
What is the remainder when 67 is divided by 49?
18
Calculate the remainder when 3189 is divided by 24.
21
What is the remainder when 3193 is divided by 86?
11
What is the remainder when 4521 is divided by 13?
10
What is the remainder when 4247 is divided by 59?
58
What is the remainder when 136 is divided by 22?
4
Calculate the remainder when 103 is divided by 22.
15
What is the remainder when 273 is divided by 219?
54
What is the remainder when 51 is divided by 18?
15
Calculate the remainder when 563 is divided by 129.
47
What is the remainder when 519 is divided by 58?
55
What is the remainder when 108 is divided by 38?
32
Calculate the remainder when 817 is divided by 41.
38
Calculate the remainder when 568 is divided by 83.
70
Calculate the remainder when 11713 is divided by 18.
13
What is the remainder when 136 is divided by 28?
24
What is the remainder when 53 is divided by 16?
5
What is the remainder when 308 is divided by 60?
8
What is the remainder when 192 is divided by 72?
48
Calculate the remainder when 61 is divided by 16.
13
What is the remainder when 322 is divided by 39?
10
What is the remainder when 215 is divided by 44?
39
What is the remainder when 671 is divided by 52?
47
What is the remainder when 2144 is divided by 39?
38
What is the remainder when 17 is divided by 11?
6
Calculate the remainder when 67 is divided by 12.
7
What is the remainder when 184 is divided by 95?
89
What is the remainder when 960 is divided by 13?
11
What is the remainder when 2428 is divided by 17?
14
Calculate the remainder when 241 is divided by 62.
55
What is the remainder when 19699 is divided by 50?
49
Calculate the remainder when 719 is divided by 30.
29
Calculate the remainder when 624 is divided by 176.
96
Calculate the remainder when 106 is divided by 51.
4
Calculate the remainder when 157 is divided by 16.
13
What is the remainder when 23 is divided by 18?
5
Calculate the remainder when 503 is divided by 7.
6
What is the remainder when 146 is divided by 45?
11
Calculate the remainder when 3747 is divided by 9.
3
Calculate the remainder when 14423 is divided by 37.
30
Calculate the remainder when 2546 is divided by 847.
5
What is the remainder when 1633 is divided by 809?
15
Calculate the remainder when 245 is divided by 146.
99
Calculate the remainder when 4988 is divided by 32.
28
What is the remainder when 38 is divided by 30?
8
What is the remainder when 176 is divided by 83?
10
Calculate the remainder when 445 is divided by 7.
4
Calculate the remainder when 1471 is divided by 32.
31
Calculate the remainder when 22889 is divided by 14.
13
Calculate the remainder when 673 is divided by 135.
133
Calculate the remainder when 1331 is divided by 23.
20
Calculate the remainder when 207 is divided by 33.
9
What is the remainder when 359 is divided by 90?
89
Calculate the remainder when 137 is divided by 15.
2
Calculate the remainder when 348 is divided by 345.
3
What is the remainder when 80 is divided by 16?
0
What is the remainder when 199 is divided by 9?
1
What is the remainder when 11127 is divided by 7?
4
Calculate the remainder when 503 is divided by 42.
41
Calculate the remainder when 33 is divided by 11.
0
What is the remainder when 1707 is divided by 344?
331
What is the remainder when 1919 is divided by 35?
29
Calculate the remainder when 1356 is divided by 16.
12
Calculate the remainder when 2723 is divided by 42.
35
Calculate the remainder when 791 is divided by 88.
87
Calculate the remainder when 325 is divided by 44.
17
What is the remainder when 60 is divided by 20?
0
What is the remainder when 499 is divided by 3?
1
What is the remainder when 2511 is divided by 74?
69
Calculate the remainder when 331 is divided by 70.
51
What is the remainder when 141 is divided by 12?
9
What is the remainder when 7337 is divided by 20?
17
Calculate the remainder when 104 is divided by 93.
11
Calculate the remainder when 1580 is divided by 113.
111
What is the remainder when 2086 is divided by 123?
118
What is the remainder when 401 is divided by 190?
21
Calculate the remainder when 34 is divided by 4.
2
Calculate the remainder when 3788 is divided by 48.
44
Calculate the remainder when 408 is divided by 32.
24
Calculate the remainder when 1374 is divided by 115.
109
What is the remainder when 475 is divided by 123?
106
Calculate the remainder when 777 is divided by 388.
1
What is the remainder when 197 is divided by 33?
32
Calculate the remainder when 687 is divided by 15.
12
What is the remainder when 142 is divided by 79?
63
What is the remainder when 215 is divided by 55?
50
What is the remainder when 281 is divided by 8?
1
Calculate the remainder when 142 is divided by 3.
1
Calculate the remainder when 531 is divided by 134.
129
What is the remainder when 474 is divided by 59?
2
Calculate the remainder when 316 is divided by 110.
96
What is the remainder when 43 is divided by 15?
13
Calculate the remainder when 47 is divided by 24.
23
What is the remainder when 351 is divided by 60?
51
Calculate the remainder when 8100 is divided by 37.
34
Calculate the remainder when 100 is divided by 30.
10
What is the remainder when 1985 is divided by 953?
79
Calculate the remainder when 445 is divided by 172.
101
Calculate the remainder when 1807 is divided by 27.
25
What is the remainder when 269 is divided by 5?
4
Calculate the remainder when 305 is divided by 6.
5
Calculate the remainder when 5915 is divided by 87.
86
What is the remainder when 399 is divided by 33?
3
Calculate the remainder when 14646 is divided by 44.
38
Calculate the remainder when 9 is divided by 5.
4
Calculate the remainder when 600 is divided by 197.
9
Calculate the remainder when 9483 is divided by 31.
28
Calculate the remainder when 138 is divided by 20.
18
What is the remainder when 57 is divided by 31?
26
Calculate the remainder when 831 is divided by 57.
33
What is the remainder when 221 is divided by 76?
69
Calculate the remainder when 68 is divided by 48.
20
What is the remainder when 117 is divided by 34?
15
What is the remainder when 4062 is divided by 8?
6
What is the remainder when 542 is divided by 54?
2
What is the remainder when 903 is divided by 301?
0
What is the remainder when 78 is divided by 39?
0
Calculate the remainder when 850 is divided by 57.
52
What is the remainder when 89 is divided by 3?
2
Calculate the remainder when 3149 is divided by 16.
13
What is the remainder when 192 is divided by 13?
10
Calculate the remainder when 76 is divided by 34.
8
What is the remainder when 10063 is divided by 37?
36
What is the remainder when 115 is divided by 70?
45
What is the remainder when 472 is divided by 142?
46
Calculate the remainder when 31 is divided by 21.
10
What is the remainder when 53 is divided by 24?
5
What is the remainder when 661 is divided by 171?
148
What is the remainder when 75 is divided by 19?
18
What is the remainder when 181 is divided by 23?
20
What is the remainder when 884 is divided by 109?
12
What is the remainder when 39104 is divided by 11?
10
Calculate the remainder when 1248 is divided by 14.
2
Calculate the remainder when 221 is divided by 15.
11
Calculate the remainder when 1825 is divided by 34.
23
What is the remainder when 729 is divided by 143?
14
What is the remainder when 2022 is divided by 81?
78
What is the remainder when 673 is divided by 66?
13
Calculate the remainder when 1289 is divided by 17.
14
Calculate the remainder when 323 is divided by 27.
26
What is the remainder when 19 is divided by 2?
1
Calculate the remainder when 361 is divided by 26.
23
What is the remainder when 1406 is divided by 83?
78
Calculate the remainder when 605 is divided by 19.
16
Calculate the remainde